{"id":1134,"date":"2025-03-13T22:43:57","date_gmt":"2025-03-13T21:43:57","guid":{"rendered":"https:\/\/www.oer-landesgeschichte-rlp.de\/?page_id=1134"},"modified":"2025-07-02T10:23:42","modified_gmt":"2025-07-02T08:23:42","slug":"impuls-9-2","status":"publish","type":"page","link":"https:\/\/www.oer-landesgeschichte-rlp.de\/index.php\/didaktische-impulse\/impuls-9-2\/","title":{"rendered":"Impuls 9"},"content":{"rendered":"\n<h5 class=\"wp-block-heading has-text-align-center\"><strong><strong><strong>Verfolgung in der NS-Diktatur und ihre Folgen am Beispiel&nbsp;der Familie M\u00f6bius aus Gau-Algesheim&nbsp;&#8211;&nbsp;Familienbiografische Perspektiven auf den Nationalsozialismus und die Zeit nach 1945 (Sekundarstufe I\/II)<\/strong><\/strong><\/strong><\/h5>\n\n\n\n<div style=\"height:20px\" aria-hidden=\"true\" class=\"wp-block-spacer\"><\/div>\n\n\n\n<div class=\"wp-block-columns is-layout-flex wp-container-core-columns-is-layout-28f84493 wp-block-columns-is-layout-flex\">\n<div class=\"wp-block-column is-layout-flow wp-block-column-is-layout-flow\" style=\"flex-basis:50%\"><\/div>\n\n\n\n<div class=\"wp-block-column is-layout-flow wp-block-column-is-layout-flow\" style=\"flex-basis:50%\">\n<p class=\"has-base-background-color has-background has-small-font-size\"><strong>Der hier vorgestellte didaktische Impuls wurde von einer M.Ed.- Studierenden der Geschichtsdidaktik im Sommersemester 2024 konzipiert<\/strong>:<br><br>Laura Berndroth<\/p>\n<\/div>\n<\/div>\n\n\n\n<div style=\"height:20px\" aria-hidden=\"true\" class=\"wp-block-spacer\"><\/div>\n\n\n\n<p class=\"has-base-2-background-color has-background\">Das wahlweise in der Sekundarstufe I oder II einsetzbare Quellenarrangement enth\u00e4lt vorwiegend amtliche Dokumente (Haftbuchakten, Standesamt-Listen, Ausz\u00fcge aus Wiedergutmachungsakten) der aus Gau-Algesheim in Rheinhessen stammenden Familie M\u00f6bius. Die Lebenswege der Familie sind stark gepr\u00e4gt durch die Ausgrenzung und Verfolgung in der Zeit des Nationalsozialismus. Aufgrund einer Erkrankung an Kinderl\u00e4hmung wurden die Kinder Adolf und Emma M\u00f6bius 1943 in die \u201eLandesheil- und Pflegeanstalt\u201c Eichberg verschleppt, wo sie kurz darauf im Rahmen der NS- \u201eKindereuthanasie\u201c ermordet wurden. Ihr Vater Richard M\u00f6bius \u00e4u\u00dferte sich daraufhin bei der Feldernte kritisch zum Nationalsozialismus, woraufhin er in das KZ Buchenwald-Weimar deportiert und durch katastrophale Haftbedingungen im Au\u00dfenlager Ohrdruf get\u00f6tet wurde. In den 1950er Jahren stellte die hinterbliebene Witwe Anna M\u00f6bius Wiedergutmachungsantr\u00e4ge auf Grundlage des Landes- und Bundesentsch\u00e4digungsgesetzes. Diese wurden aufgrund der Nachweisbarkeit der politischen Gegnerschaft ihres Mannes abgelehnt. Nach dem Tod von Anna M\u00f6bius kam es 1968 zu einem gerichtlichen Vergleich zwischen dem Amt f\u00fcr Wiedergutmachung und der Erbengemeinschaft der Familie M\u00f6bius. Eine ad\u00e4quate \u201eWiedergutmachung\u201c stellen diese Entsch\u00e4digungszahlungen f\u00fcr Erika Kurz, die letzte lebende Tochter der Familie M\u00f6bius, jedoch nicht dar. Diese regionalbiografische Auseinandersetzung mit Inhalten der NS-Verfolgung und \u201eWiedergutmachung\u201c er\u00f6ffnet neue Perspektiven auf die Erforschung der NS-Vergangenheit. SuS wird die M\u00f6glichkeit geboten, rechtliche Grundlagen der Wiedergutmachungspraxis am konkreten Fallbeispiel der Familie M\u00f6bius nachzuvollziehen und abschlie\u00dfend zu eigenst\u00e4ndigen Sach- und Werturteilen in Bezug auf die Umsetzung der \u201eWiedergutmachung\u201c im Nachkriegsdeutschland zu gelangen.<\/p>\n\n\n\n<div style=\"height:20px\" aria-hidden=\"true\" class=\"wp-block-spacer\"><\/div>\n\n\n\n<hr class=\"wp-block-separator has-text-color has-custom-color-2-color has-alpha-channel-opacity has-custom-color-2-background-color has-background\"\/>\n\n\n\n<div style=\"height:20px\" aria-hidden=\"true\" class=\"wp-block-spacer\"><\/div>\n\n\n\n<div class=\"wp-block-file has-link-color wp-elements-ed80ce9bd913f0cc02d626e486f3c95c\"><a id=\"wp-block-file--media-ab2ae4e1-db5d-4d87-beea-1f091e727eea\" href=\"https:\/\/www.oer-landesgeschichte-rlp.de\/wp-content\/uploads\/2025\/04\/Didaktischer-Impuls-Thema-Wiedergutmachung_9.pdf\"><strong>Didaktischer Impuls im Lehrendenformat<\/strong><\/a><\/div>\n\n\n\n<div class=\"wp-block-file has-link-color wp-elements-c3ea48102bc37871f25d06f85a50e7df\"><a id=\"wp-block-file--media-aa870089-55ab-460f-b6ff-0144aa113ea2\" href=\"https:\/\/www.oer-landesgeschichte-rlp.de\/wp-content\/uploads\/2025\/04\/Didaktisches-Konzept-9.pdf\"><strong>Didaktischer Impuls im Pr\u00e4sentationsformat<\/strong><\/a><\/div>\n\n\n\n<p><\/p>\n","protected":false},"excerpt":{"rendered":"<p>Verfolgung in der NS-Diktatur und ihre Folgen am Beispiel&nbsp;der Familie M\u00f6bius aus Gau-Algesheim&nbsp;&#8211;&nbsp;Familienbiografische Perspektiven auf den Nationalsozialismus und die Zeit nach 1945 (Sekundarstufe I\/II) Der hier vorgestellte didaktische Impuls wurde von einer M.Ed.- Studierenden der Geschichtsdidaktik im Sommersemester 2024 konzipiert: Laura Berndroth Das wahlweise in der Sekundarstufe I oder II einsetzbare Quellenarrangement enth\u00e4lt vorwiegend amtliche [&hellip;]<\/p>\n","protected":false},"author":2,"featured_media":0,"parent":147,"menu_order":0,"comment_status":"closed","ping_status":"closed","template":"","meta":{"footnotes":""},"class_list":["post-1134","page","type-page","status-publish","hentry"],"_links":{"self":[{"href":"https:\/\/www.oer-landesgeschichte-rlp.de\/index.php\/wp-json\/wp\/v2\/pages\/1134","targetHints":{"allow":["GET"]}}],"collection":[{"href":"https:\/\/www.oer-landesgeschichte-rlp.de\/index.php\/wp-json\/wp\/v2\/pages"}],"about":[{"href":"https:\/\/www.oer-landesgeschichte-rlp.de\/index.php\/wp-json\/wp\/v2\/types\/page"}],"author":[{"embeddable":true,"href":"https:\/\/www.oer-landesgeschichte-rlp.de\/index.php\/wp-json\/wp\/v2\/users\/2"}],"replies":[{"embeddable":true,"href":"https:\/\/www.oer-landesgeschichte-rlp.de\/index.php\/wp-json\/wp\/v2\/comments?post=1134"}],"version-history":[{"count":16,"href":"https:\/\/www.oer-landesgeschichte-rlp.de\/index.php\/wp-json\/wp\/v2\/pages\/1134\/revisions"}],"predecessor-version":[{"id":1964,"href":"https:\/\/www.oer-landesgeschichte-rlp.de\/index.php\/wp-json\/wp\/v2\/pages\/1134\/revisions\/1964"}],"up":[{"embeddable":true,"href":"https:\/\/www.oer-landesgeschichte-rlp.de\/index.php\/wp-json\/wp\/v2\/pages\/147"}],"wp:attachment":[{"href":"https:\/\/www.oer-landesgeschichte-rlp.de\/index.php\/wp-json\/wp\/v2\/media?parent=1134"}],"curies":[{"name":"wp","href":"https:\/\/api.w.org\/{rel}","templated":true}]}}