{"id":153,"date":"2024-06-24T21:51:20","date_gmt":"2024-06-24T19:51:20","guid":{"rendered":"https:\/\/www.oer-landesgeschichte-rlp.de\/?page_id=153"},"modified":"2025-07-02T10:22:04","modified_gmt":"2025-07-02T08:22:04","slug":"impuls-3","status":"publish","type":"page","link":"https:\/\/www.oer-landesgeschichte-rlp.de\/index.php\/impuls-3\/","title":{"rendered":"Impuls 3"},"content":{"rendered":"\n<h5 class=\"wp-block-heading has-text-align-center\"><strong>Ausgrenzung, Verfolgung und Ermordung von J\u00fcdinnen und Juden im Zeitraum von 1933 bis 1945 &#8211; Eine chronologische Rekonstruktion \u00fcber die Entsch\u00e4digungsakte Raymond Ullmanns (Sekundarstufe II)<\/strong><\/h5>\n\n\n\n<div style=\"height:20px\" aria-hidden=\"true\" class=\"wp-block-spacer\"><\/div>\n\n\n\n<div class=\"wp-block-columns is-layout-flex wp-container-core-columns-is-layout-28f84493 wp-block-columns-is-layout-flex\">\n<div class=\"wp-block-column is-layout-flow wp-block-column-is-layout-flow\"><\/div>\n\n\n\n<div class=\"wp-block-column is-layout-flow wp-block-column-is-layout-flow\">\n<p class=\"has-base-background-color has-background has-small-font-size\"><strong>Der hier vorgestellte didaktische Impuls wurde von M.Ed.- Studierenden der Geschichtsdidaktik im Wintersemester 2023\/24 konzipiert<\/strong>:<br><br>Laura Berndroth, Anna Endner, Charlotte Hochkirch, Lisa Pflaumer, Rebecca Rasp <\/p>\n<\/div>\n<\/div>\n\n\n\n<div style=\"height:20px\" aria-hidden=\"true\" class=\"wp-block-spacer\"><\/div>\n\n\n\n<p class=\"has-base-2-background-color has-background\">Der f\u00fcr die Sekundarstufe II konzipierte didaktische Impuls nimmt die Verfolgung, Ausgrenzung und systematischen Ermordung von J\u00fcdinnen und Juden im Nationalsozialismus in den Blick und m\u00f6chte unter diesem Fokus die Biografie des in Mainz geborenen und nach S\u00fcdamerika gefl\u00fcchteten Raymond Ullmann historisch kontextualisieren. Dabei wird sowohl die von ihm erlebte antisemitische Diskriminierung in der NS-Diktatur als auch seine Lebenssituation vor der Flucht in den Blick genommen. Unter Einbezug verschiedener Quellengattungen werden ein NS-Propagandaartikel in einer 1935 erschienenen regionalen Zeitung sowie ein aus der Wiedergutmachungsakte Ullmanns stammendes Ego-Dokument und eine Zeugenaussage aus den 1950ern zur Analyse herangezogen. Die Besch\u00e4ftigung mit Raymond Ullmanns Biografie soll auch zur Reflexion und Gestaltung der gegenw\u00e4rtigen Erinnerung \u00fcberleiten.&nbsp;<\/p>\n\n\n\n<div style=\"height:20px\" aria-hidden=\"true\" class=\"wp-block-spacer\"><\/div>\n\n\n\n<hr class=\"wp-block-separator has-text-color has-custom-color-2-color has-alpha-channel-opacity has-custom-color-2-background-color has-background\"\/>\n\n\n\n<div style=\"height:24px\" aria-hidden=\"true\" class=\"wp-block-spacer\"><\/div>\n\n\n\n<div class=\"wp-block-file has-link-color wp-elements-ae5a62a0ebdef68691a500ca75047b89\"><a id=\"wp-block-file--media-7b3e9ca3-7c13-4915-a6ea-84d96123cbcb\" href=\"https:\/\/www.oer-landesgeschichte-rlp.de\/wp-content\/uploads\/2025\/04\/Didaktischer-Impuls_Thema-Wiedergutmachung_2.pdf\"><strong>Didaktischer Impuls im Lehrendenformat<\/strong><\/a><\/div>\n\n\n\n<div class=\"wp-block-file has-link-color wp-elements-690070fb165b6b09f5154cf6fa7830c0\"><a id=\"wp-block-file--media-dc95c929-8e6e-4f33-9d22-90e4124c6d06\" href=\"https:\/\/www.oer-landesgeschichte-rlp.de\/wp-content\/uploads\/2025\/04\/Didaktisches-Konzept-2.pdf\"><strong>Didaktischer Impuls im Pr\u00e4sentationsformat<\/strong><\/a><\/div>\n\n\n\n<div style=\"height:20px\" aria-hidden=\"true\" class=\"wp-block-spacer\"><\/div>\n","protected":false},"excerpt":{"rendered":"<p>Ausgrenzung, Verfolgung und Ermordung von J\u00fcdinnen und Juden im Zeitraum von 1933 bis 1945 &#8211; Eine chronologische Rekonstruktion \u00fcber die Entsch\u00e4digungsakte Raymond Ullmanns (Sekundarstufe II) Der hier vorgestellte didaktische Impuls wurde von M.Ed.- Studierenden der Geschichtsdidaktik im Wintersemester 2023\/24 konzipiert: Laura Berndroth, Anna Endner, Charlotte Hochkirch, Lisa Pflaumer, Rebecca Rasp Der f\u00fcr die Sekundarstufe II [&hellip;]<\/p>\n","protected":false},"author":2,"featured_media":0,"parent":0,"menu_order":0,"comment_status":"closed","ping_status":"closed","template":"","meta":{"footnotes":""},"class_list":["post-153","page","type-page","status-publish","hentry"],"_links":{"self":[{"href":"https:\/\/www.oer-landesgeschichte-rlp.de\/index.php\/wp-json\/wp\/v2\/pages\/153","targetHints":{"allow":["GET"]}}],"collection":[{"href":"https:\/\/www.oer-landesgeschichte-rlp.de\/index.php\/wp-json\/wp\/v2\/pages"}],"about":[{"href":"https:\/\/www.oer-landesgeschichte-rlp.de\/index.php\/wp-json\/wp\/v2\/types\/page"}],"author":[{"embeddable":true,"href":"https:\/\/www.oer-landesgeschichte-rlp.de\/index.php\/wp-json\/wp\/v2\/users\/2"}],"replies":[{"embeddable":true,"href":"https:\/\/www.oer-landesgeschichte-rlp.de\/index.php\/wp-json\/wp\/v2\/comments?post=153"}],"version-history":[{"count":13,"href":"https:\/\/www.oer-landesgeschichte-rlp.de\/index.php\/wp-json\/wp\/v2\/pages\/153\/revisions"}],"predecessor-version":[{"id":1959,"href":"https:\/\/www.oer-landesgeschichte-rlp.de\/index.php\/wp-json\/wp\/v2\/pages\/153\/revisions\/1959"}],"wp:attachment":[{"href":"https:\/\/www.oer-landesgeschichte-rlp.de\/index.php\/wp-json\/wp\/v2\/media?parent=153"}],"curies":[{"name":"wp","href":"https:\/\/api.w.org\/{rel}","templated":true}]}}

<h5 class="wp-block-heading has-text-align-center"><strong>Ausgrenzung, Verfolgung und Ermordung von Jüdinnen und Juden im Zeitraum von 1933 bis 1945 &#8211; Eine chronologische Rekonstruktion über die Entschädigungsakte Raymond Ullmanns (Sekundarstufe II)</strong></h5>



<div style="height:20px" aria-hidden="true" class="wp-block-spacer"></div>



<div class="wp-block-columns is-layout-flex wp-container-core-columns-is-layout-28f84493 wp-block-columns-is-layout-flex">
<div class="wp-block-column is-layout-flow wp-block-column-is-layout-flow"></div>



<div class="wp-block-column is-layout-flow wp-block-column-is-layout-flow">
<p class="has-base-background-color has-background has-small-font-size"><strong>Der hier vorgestellte didaktische Impuls wurde von M.Ed.- Studierenden der Geschichtsdidaktik im Wintersemester 2023/24 konzipiert</strong>:<br><br>Laura Berndroth, Anna Endner, Charlotte Hochkirch, Lisa Pflaumer, Rebecca Rasp </p>
</div>
</div>



<div style="height:20px" aria-hidden="true" class="wp-block-spacer"></div>



<p class="has-base-2-background-color has-background">Der für die Sekundarstufe II konzipierte didaktische Impuls nimmt die Verfolgung, Ausgrenzung und systematischen Ermordung von Jüdinnen und Juden im Nationalsozialismus in den Blick und möchte unter diesem Fokus die Biografie des in Mainz geborenen und nach Südamerika geflüchteten Raymond Ullmann historisch kontextualisieren. Dabei wird sowohl die von ihm erlebte antisemitische Diskriminierung in der NS-Diktatur als auch seine Lebenssituation vor der Flucht in den Blick genommen. Unter Einbezug verschiedener Quellengattungen werden ein NS-Propagandaartikel in einer 1935 erschienenen regionalen Zeitung sowie ein aus der Wiedergutmachungsakte Ullmanns stammendes Ego-Dokument und eine Zeugenaussage aus den 1950ern zur Analyse herangezogen. Die Beschäftigung mit Raymond Ullmanns Biografie soll auch zur Reflexion und Gestaltung der gegenwärtigen Erinnerung überleiten.&nbsp;</p>



<div style="height:20px" aria-hidden="true" class="wp-block-spacer"></div>



<hr class="wp-block-separator has-text-color has-custom-color-2-color has-alpha-channel-opacity has-custom-color-2-background-color has-background"/>



<div style="height:24px" aria-hidden="true" class="wp-block-spacer"></div>



<div class="wp-block-file has-link-color wp-elements-ae5a62a0ebdef68691a500ca75047b89"><a id="wp-block-file--media-7b3e9ca3-7c13-4915-a6ea-84d96123cbcb" href="https://www.oer-landesgeschichte-rlp.de/wp-content/uploads/2025/04/Didaktischer-Impuls_Thema-Wiedergutmachung_2.pdf"><strong>Didaktischer Impuls im Lehrendenformat</strong></a></div>



<div class="wp-block-file has-link-color wp-elements-690070fb165b6b09f5154cf6fa7830c0"><a id="wp-block-file--media-dc95c929-8e6e-4f33-9d22-90e4124c6d06" href="https://www.oer-landesgeschichte-rlp.de/wp-content/uploads/2025/04/Didaktisches-Konzept-2.pdf"><strong>Didaktischer Impuls im Präsentationsformat</strong></a></div>



<div style="height:20px" aria-hidden="true" class="wp-block-spacer"></div>

<p>Ausgrenzung, Verfolgung und Ermordung von Jüdinnen und Juden im Zeitraum von 1933 bis 1945 &#8211; Eine chronologische Rekonstruktion über die Entschädigungsakte Raymond Ullmanns (Sekundarstufe II) Der hier vorgestellte didaktische Impuls wurde von M.Ed.- Studierenden der Geschichtsdidaktik im Wintersemester 2023/24 konzipiert: Laura Berndroth, Anna Endner, Charlotte Hochkirch, Lisa Pflaumer, Rebecca Rasp Der für die Sekundarstufe II [&hellip;]</p>
