{"id":1557,"date":"2025-03-26T14:20:55","date_gmt":"2025-03-26T13:20:55","guid":{"rendered":"https:\/\/www.oer-landesgeschichte-rlp.de\/?page_id=1557"},"modified":"2025-05-13T17:26:14","modified_gmt":"2025-05-13T15:26:14","slug":"ueber-uns","status":"publish","type":"page","link":"https:\/\/www.oer-landesgeschichte-rlp.de\/index.php\/ueber-uns\/","title":{"rendered":"Das Team des RegioNet Bildungsportals"},"content":{"rendered":"\n<div class=\"wp-block-cover alignfull is-light\"><img loading=\"lazy\" decoding=\"async\" width=\"2560\" height=\"1707\" class=\"wp-block-cover__image-background wp-image-107\" alt=\"\" src=\"https:\/\/www.oer-landesgeschichte-rlp.de\/wp-content\/uploads\/2024\/06\/DSC_0054-scaled.jpg\" data-object-fit=\"cover\" srcset=\"https:\/\/www.oer-landesgeschichte-rlp.de\/wp-content\/uploads\/2024\/06\/DSC_0054-scaled.jpg 2560w, https:\/\/www.oer-landesgeschichte-rlp.de\/wp-content\/uploads\/2024\/06\/DSC_0054-300x200.jpg 300w, https:\/\/www.oer-landesgeschichte-rlp.de\/wp-content\/uploads\/2024\/06\/DSC_0054-1024x683.jpg 1024w, https:\/\/www.oer-landesgeschichte-rlp.de\/wp-content\/uploads\/2024\/06\/DSC_0054-768x512.jpg 768w, https:\/\/www.oer-landesgeschichte-rlp.de\/wp-content\/uploads\/2024\/06\/DSC_0054-1536x1024.jpg 1536w, https:\/\/www.oer-landesgeschichte-rlp.de\/wp-content\/uploads\/2024\/06\/DSC_0054-2048x1365.jpg 2048w\" sizes=\"auto, (max-width: 2560px) 100vw, 2560px\" \/><span aria-hidden=\"true\" class=\"wp-block-cover__background has-background-dim\" style=\"background-color:#b7ada2\"><\/span><div class=\"wp-block-cover__inner-container has-global-padding is-layout-constrained wp-block-cover-is-layout-constrained\">\n<p class=\"has-text-align-center has-large-font-size\"><\/p>\n<\/div><\/div>\n\n\n\n<div class=\"wp-block-group alignfull has-global-padding is-layout-constrained wp-container-core-group-is-layout-669513ed wp-block-group-is-layout-constrained\" style=\"margin-top:0;margin-bottom:0;padding-top:var(--wp--preset--spacing--50);padding-right:var(--wp--preset--spacing--50);padding-bottom:var(--wp--preset--spacing--50);padding-left:var(--wp--preset--spacing--50)\">\n<div class=\"wp-block-group is-vertical is-content-justification-center is-layout-flex wp-container-core-group-is-layout-ce155fab wp-block-group-is-layout-flex\">\n<p class=\"has-text-align-center is-style-asterisk has-large-font-size\">Wir sind Lehrende an der Johannes Gutenberg-Universit\u00e4t Mainz und an verschiedenen Schulen in Rheinland-Pfalz sowie Promovierende, Mitarbeitende und Studierende am Arbeitsbereich Geschichtsdidaktik der JGU Mainz<\/p>\n<\/div>\n\n\n\n<div style=\"height:68px\" aria-hidden=\"true\" class=\"wp-block-spacer\"><\/div>\n\n\n\n<div class=\"wp-block-columns alignwide is-layout-flex wp-container-core-columns-is-layout-4935966c wp-block-columns-is-layout-flex\" style=\"padding-right:0;padding-left:0\">\n<div class=\"wp-block-column is-layout-flow wp-block-column-is-layout-flow\">\n<figure class=\"wp-block-image size-full is-style-rounded wp-duotone-unset-2 is-style-rounded--1\"><img loading=\"lazy\" decoding=\"async\" width=\"1707\" height=\"2293\" src=\"https:\/\/www.oer-landesgeschichte-rlp.de\/wp-content\/uploads\/2025\/03\/Kaiser.jpeg\" alt=\"\" class=\"wp-image-1561\" style=\"aspect-ratio:1;object-fit:cover\" srcset=\"https:\/\/www.oer-landesgeschichte-rlp.de\/wp-content\/uploads\/2025\/03\/Kaiser.jpeg 1707w, https:\/\/www.oer-landesgeschichte-rlp.de\/wp-content\/uploads\/2025\/03\/Kaiser-223x300.jpeg 223w, https:\/\/www.oer-landesgeschichte-rlp.de\/wp-content\/uploads\/2025\/03\/Kaiser-762x1024.jpeg 762w, https:\/\/www.oer-landesgeschichte-rlp.de\/wp-content\/uploads\/2025\/03\/Kaiser-768x1032.jpeg 768w, https:\/\/www.oer-landesgeschichte-rlp.de\/wp-content\/uploads\/2025\/03\/Kaiser-1143x1536.jpeg 1143w, https:\/\/www.oer-landesgeschichte-rlp.de\/wp-content\/uploads\/2025\/03\/Kaiser-1525x2048.jpeg 1525w\" sizes=\"auto, (max-width: 1707px) 100vw, 1707px\" \/><\/figure>\n\n\n\n<div class=\"wp-block-group is-vertical is-content-justification-center is-nowrap is-layout-flex wp-container-core-group-is-layout-21d4e958 wp-block-group-is-layout-flex\">\n<p class=\"has-text-align-center has-small-font-size\"><strong><a href=\"https:\/\/geschichtsdidaktik.uni-mainz.de\/team\/mitarbeiter-mitarbeiterinnen\/katharina-kaiser\/\">Katharina Buchholz<\/a><\/strong><\/p>\n\n\n\n<p class=\"has-text-align-center has-small-font-size\">Lehrerin an einem Gymnasium in Rheinland-Pfalz und <br>(teil-)abgeordnete Lehrkraft am Arbeitsbereich Geschichtsdidaktik der JGU Mainz (Foto: privat)<\/p>\n<\/div>\n<\/div>\n\n\n\n<div class=\"wp-block-column is-layout-flow wp-block-column-is-layout-flow\">\n<figure class=\"wp-block-image size-full is-style-rounded wp-duotone-unset-4 is-style-rounded--3\"><img loading=\"lazy\" decoding=\"async\" width=\"744\" height=\"744\" src=\"https:\/\/www.oer-landesgeschichte-rlp.de\/wp-content\/uploads\/2025\/03\/hensel-grobe-_meike.450x450-hidpi-edited.jpg\" alt=\"\" class=\"wp-image-1573\" style=\"aspect-ratio:1;object-fit:cover\" srcset=\"https:\/\/www.oer-landesgeschichte-rlp.de\/wp-content\/uploads\/2025\/03\/hensel-grobe-_meike.450x450-hidpi-edited.jpg 744w, https:\/\/www.oer-landesgeschichte-rlp.de\/wp-content\/uploads\/2025\/03\/hensel-grobe-_meike.450x450-hidpi-edited-300x300.jpg 300w, https:\/\/www.oer-landesgeschichte-rlp.de\/wp-content\/uploads\/2025\/03\/hensel-grobe-_meike.450x450-hidpi-edited-150x150.jpg 150w\" sizes=\"auto, (max-width: 744px) 100vw, 744px\" \/><\/figure>\n\n\n\n<div class=\"wp-block-group is-vertical is-content-justification-center is-nowrap is-layout-flex wp-container-core-group-is-layout-63bfd6c1 wp-block-group-is-layout-flex\">\n<p class=\"has-text-align-center has-small-font-size\"><strong><a href=\"https:\/\/geschichtsdidaktik.uni-mainz.de\/team\/mitarbeiter-mitarbeiterinnen\/univ-prof-dr-meike-hensel-grobe\/\">Prof. Dr. Meike Hensel-Grobe<\/a><\/strong><\/p>\n\n\n\n<p class=\"has-text-align-center has-small-font-size\">Professorin f\u00fcr die Didaktik der Geschichte an der Johannes Gutenberg-Universit\u00e4t Mainz\/Vorsitzende des Instituts f\u00fcr Geschichtliche Landeskunde Rheinland-Pfalz e.V. (gemeinsam mit Prof. Dr. Leif Scheuermann und Prof. Dr. Michael Klemm) (Foto: privat)<\/p>\n<\/div>\n<\/div>\n\n\n\n<div class=\"wp-block-column is-layout-flow wp-block-column-is-layout-flow\">\n<figure class=\"wp-block-image size-full is-style-rounded wp-duotone-unset-6 is-style-rounded--5\"><img loading=\"lazy\" decoding=\"async\" width=\"1707\" height=\"2560\" src=\"https:\/\/www.oer-landesgeschichte-rlp.de\/wp-content\/uploads\/2025\/03\/yoann-siloine-_T4w3JDm6ug-unsplash-scaled.jpg\" alt=\"\" class=\"wp-image-1578\" style=\"aspect-ratio:1;object-fit:cover\" srcset=\"https:\/\/www.oer-landesgeschichte-rlp.de\/wp-content\/uploads\/2025\/03\/yoann-siloine-_T4w3JDm6ug-unsplash-scaled.jpg 1707w, https:\/\/www.oer-landesgeschichte-rlp.de\/wp-content\/uploads\/2025\/03\/yoann-siloine-_T4w3JDm6ug-unsplash-200x300.jpg 200w, https:\/\/www.oer-landesgeschichte-rlp.de\/wp-content\/uploads\/2025\/03\/yoann-siloine-_T4w3JDm6ug-unsplash-683x1024.jpg 683w, https:\/\/www.oer-landesgeschichte-rlp.de\/wp-content\/uploads\/2025\/03\/yoann-siloine-_T4w3JDm6ug-unsplash-768x1152.jpg 768w, https:\/\/www.oer-landesgeschichte-rlp.de\/wp-content\/uploads\/2025\/03\/yoann-siloine-_T4w3JDm6ug-unsplash-1024x1536.jpg 1024w, https:\/\/www.oer-landesgeschichte-rlp.de\/wp-content\/uploads\/2025\/03\/yoann-siloine-_T4w3JDm6ug-unsplash-1365x2048.jpg 1365w\" sizes=\"auto, (max-width: 1707px) 100vw, 1707px\" \/><\/figure>\n\n\n\n<div class=\"wp-block-group is-vertical is-content-justification-center is-nowrap is-layout-flex wp-container-core-group-is-layout-63bfd6c1 wp-block-group-is-layout-flex\">\n<p class=\"has-text-align-center has-small-font-size\"><strong>Felix Paul Maskow<\/strong><\/p>\n\n\n\n<p class=\"has-text-align-center has-small-font-size\">M.A. Geschichte<\/p>\n<\/div>\n<\/div>\n<\/div>\n<\/div>\n\n\n\n<div class=\"wp-block-group has-global-padding is-layout-constrained wp-block-group-is-layout-constrained\">\n<p class=\"has-text-align-left has-medium-font-size\"><br>Neben&nbsp;<strong>Lehrenden und wissenschaftlichen MitarbeiterInnen des Arbeitsbereichs Geschichtsdidaktik&nbsp;<\/strong>wurden vor allem&nbsp;<strong>Studierende der Geschichte und Geschichtsdidaktik an der Johannes Gutenberg-Universit\u00e4t Mainz<\/strong> in die Konzeption des digitalen OER-Angebots einbezogen. Ihre didaktisch-methodischen Ideen und Archivrecherchen sichtbar zu machen, ist ein wichtiger Grundpfeiler des Bildungsportals. Technisch begleitet wurde die digitale Umsetzung des Projekts durch das&nbsp;<strong>Institut f\u00fcr Geschichtliche Landeskunde Rheinland-Pfalz e.V.<\/strong><\/p>\n\n\n\n<div style=\"height:10px\" aria-hidden=\"true\" class=\"wp-block-spacer\"><\/div>\n\n\n\n<p class=\"has-text-align-left has-contrast-2-color has-text-color has-link-color has-medium-font-size wp-elements-5ccdff971379c4b96a3594fd1ffd924c\"><strong>Studierende:<\/strong><\/p>\n\n\n\n<p class=\"has-link-color has-medium-font-size wp-elements-be136f657b1018c65f6c45b23a59666f\">Laura Berndroth, Till Diefenbach, Anna D\u00f6tsch, Robert D\u00fcckershoff, Nicolai Eckert, Anna Endner, Nora Groll, Charlotte Hochkirch, Hanna H\u00fclbusch, David Keilmann, Maria Kleemann, Moritz Lill, Till Loh, Luis Felipe Mattos Schwinn, Felix Maskow, Colin M\u00fcnster, Lisa Pflaumer, Rebecca Rasp, David Welsch, Alexandra Wollenweber<\/p>\n\n\n\n<p class=\"has-contrast-2-color has-text-color has-link-color has-medium-font-size wp-elements-251f08a86022e7787722d9003d69f162\"><strong>Team des Arbeitsbereichs Geschichtsdidaktik:<\/strong><\/p>\n\n\n\n<p class=\"has-link-color has-medium-font-size wp-elements-cc4684040f42bb5b97d26aac2e0a9f8a\">Katharina Buchholz, Univ.-Prof. Dr. Meike Hensel-Grobe, Franziska Kaiser<br>Johanna Oppenheimer (Audio-Vertonung, Bilder), Lara Schott-Storch (Audio-Vertonung, Bilder)<\/p>\n\n\n\n<p class=\"has-contrast-2-color has-text-color has-link-color has-medium-font-size wp-elements-0222cd6d370e53ac8374bd749ad11d18\"><strong>Technische Beratung:<\/strong><\/p>\n\n\n\n<p class=\"has-link-color has-medium-font-size wp-elements-740577882bb927834239b2bfab53d3bb\">Maximilian Wegner (IGL Rheinland-Pfalz e.V.)<\/p>\n<\/div>\n\n\n\n<p><\/p>\n","protected":false},"excerpt":{"rendered":"<p>Wir sind Lehrende an der Johannes Gutenberg-Universit\u00e4t Mainz und an verschiedenen Schulen in Rheinland-Pfalz sowie Promovierende, Mitarbeitende und Studierende am Arbeitsbereich Geschichtsdidaktik der JGU Mainz Katharina Buchholz Lehrerin an einem Gymnasium in Rheinland-Pfalz und (teil-)abgeordnete Lehrkraft am Arbeitsbereich Geschichtsdidaktik der JGU Mainz (Foto: privat) Prof. Dr. Meike Hensel-Grobe Professorin f\u00fcr die Didaktik der Geschichte an [&hellip;]<\/p>\n","protected":false},"author":2,"featured_media":0,"parent":0,"menu_order":0,"comment_status":"closed","ping_status":"closed","template":"","meta":{"footnotes":""},"class_list":["post-1557","page","type-page","status-publish","hentry"],"_links":{"self":[{"href":"https:\/\/www.oer-landesgeschichte-rlp.de\/index.php\/wp-json\/wp\/v2\/pages\/1557","targetHints":{"allow":["GET"]}}],"collection":[{"href":"https:\/\/www.oer-landesgeschichte-rlp.de\/index.php\/wp-json\/wp\/v2\/pages"}],"about":[{"href":"https:\/\/www.oer-landesgeschichte-rlp.de\/index.php\/wp-json\/wp\/v2\/types\/page"}],"author":[{"embeddable":true,"href":"https:\/\/www.oer-landesgeschichte-rlp.de\/index.php\/wp-json\/wp\/v2\/users\/2"}],"replies":[{"embeddable":true,"href":"https:\/\/www.oer-landesgeschichte-rlp.de\/index.php\/wp-json\/wp\/v2\/comments?post=1557"}],"version-history":[{"count":35,"href":"https:\/\/www.oer-landesgeschichte-rlp.de\/index.php\/wp-json\/wp\/v2\/pages\/1557\/revisions"}],"predecessor-version":[{"id":1884,"href":"https:\/\/www.oer-landesgeschichte-rlp.de\/index.php\/wp-json\/wp\/v2\/pages\/1557\/revisions\/1884"}],"wp:attachment":[{"href":"https:\/\/www.oer-landesgeschichte-rlp.de\/index.php\/wp-json\/wp\/v2\/media?parent=1557"}],"curies":[{"name":"wp","href":"https:\/\/api.w.org\/{rel}","templated":true}]}}

<div class="wp-block-cover alignfull is-light"><img loading="lazy" decoding="async" width="2560" height="1707" class="wp-block-cover__image-background wp-image-107" alt="" src="https://www.oer-landesgeschichte-rlp.de/wp-content/uploads/2024/06/DSC_0054-scaled.jpg" data-object-fit="cover" srcset="https://www.oer-landesgeschichte-rlp.de/wp-content/uploads/2024/06/DSC_0054-scaled.jpg 2560w, https://www.oer-landesgeschichte-rlp.de/wp-content/uploads/2024/06/DSC_0054-300x200.jpg 300w, https://www.oer-landesgeschichte-rlp.de/wp-content/uploads/2024/06/DSC_0054-1024x683.jpg 1024w, https://www.oer-landesgeschichte-rlp.de/wp-content/uploads/2024/06/DSC_0054-768x512.jpg 768w, https://www.oer-landesgeschichte-rlp.de/wp-content/uploads/2024/06/DSC_0054-1536x1024.jpg 1536w, https://www.oer-landesgeschichte-rlp.de/wp-content/uploads/2024/06/DSC_0054-2048x1365.jpg 2048w" sizes="auto, (max-width: 2560px) 100vw, 2560px" /><span aria-hidden="true" class="wp-block-cover__background has-background-dim" style="background-color:#b7ada2"></span><div class="wp-block-cover__inner-container has-global-padding is-layout-constrained wp-block-cover-is-layout-constrained">
<p class="has-text-align-center has-large-font-size"></p>
</div></div>



<div class="wp-block-group alignfull has-global-padding is-layout-constrained wp-container-core-group-is-layout-669513ed wp-block-group-is-layout-constrained" style="margin-top:0;margin-bottom:0;padding-top:var(--wp--preset--spacing--50);padding-right:var(--wp--preset--spacing--50);padding-bottom:var(--wp--preset--spacing--50);padding-left:var(--wp--preset--spacing--50)">
<div class="wp-block-group is-vertical is-content-justification-center is-layout-flex wp-container-core-group-is-layout-ce155fab wp-block-group-is-layout-flex">
<p class="has-text-align-center is-style-asterisk has-large-font-size">Wir sind Lehrende an der Johannes Gutenberg-Universität Mainz und an verschiedenen Schulen in Rheinland-Pfalz sowie Promovierende, Mitarbeitende und Studierende am Arbeitsbereich Geschichtsdidaktik der JGU Mainz</p>
</div>



<div style="height:68px" aria-hidden="true" class="wp-block-spacer"></div>



<div class="wp-block-columns alignwide is-layout-flex wp-container-core-columns-is-layout-4935966c wp-block-columns-is-layout-flex" style="padding-right:0;padding-left:0">
<div class="wp-block-column is-layout-flow wp-block-column-is-layout-flow">
<figure class="wp-block-image size-full is-style-rounded wp-duotone-unset-2 is-style-rounded--1"><img loading="lazy" decoding="async" width="1707" height="2293" src="https://www.oer-landesgeschichte-rlp.de/wp-content/uploads/2025/03/Kaiser.jpeg" alt="" class="wp-image-1561" style="aspect-ratio:1;object-fit:cover" srcset="https://www.oer-landesgeschichte-rlp.de/wp-content/uploads/2025/03/Kaiser.jpeg 1707w, https://www.oer-landesgeschichte-rlp.de/wp-content/uploads/2025/03/Kaiser-223x300.jpeg 223w, https://www.oer-landesgeschichte-rlp.de/wp-content/uploads/2025/03/Kaiser-762x1024.jpeg 762w, https://www.oer-landesgeschichte-rlp.de/wp-content/uploads/2025/03/Kaiser-768x1032.jpeg 768w, https://www.oer-landesgeschichte-rlp.de/wp-content/uploads/2025/03/Kaiser-1143x1536.jpeg 1143w, https://www.oer-landesgeschichte-rlp.de/wp-content/uploads/2025/03/Kaiser-1525x2048.jpeg 1525w" sizes="auto, (max-width: 1707px) 100vw, 1707px" /></figure>



<div class="wp-block-group is-vertical is-content-justification-center is-nowrap is-layout-flex wp-container-core-group-is-layout-21d4e958 wp-block-group-is-layout-flex">
<p class="has-text-align-center has-small-font-size"><strong><a href="https://geschichtsdidaktik.uni-mainz.de/team/mitarbeiter-mitarbeiterinnen/katharina-kaiser/">Katharina Buchholz</a></strong></p>



<p class="has-text-align-center has-small-font-size">Lehrerin an einem Gymnasium in Rheinland-Pfalz und <br>(teil-)abgeordnete Lehrkraft am Arbeitsbereich Geschichtsdidaktik der JGU Mainz (Foto: privat)</p>
</div>
</div>



<div class="wp-block-column is-layout-flow wp-block-column-is-layout-flow">
<figure class="wp-block-image size-full is-style-rounded wp-duotone-unset-4 is-style-rounded--3"><img loading="lazy" decoding="async" width="744" height="744" src="https://www.oer-landesgeschichte-rlp.de/wp-content/uploads/2025/03/hensel-grobe-_meike.450x450-hidpi-edited.jpg" alt="" class="wp-image-1573" style="aspect-ratio:1;object-fit:cover" srcset="https://www.oer-landesgeschichte-rlp.de/wp-content/uploads/2025/03/hensel-grobe-_meike.450x450-hidpi-edited.jpg 744w, https://www.oer-landesgeschichte-rlp.de/wp-content/uploads/2025/03/hensel-grobe-_meike.450x450-hidpi-edited-300x300.jpg 300w, https://www.oer-landesgeschichte-rlp.de/wp-content/uploads/2025/03/hensel-grobe-_meike.450x450-hidpi-edited-150x150.jpg 150w" sizes="auto, (max-width: 744px) 100vw, 744px" /></figure>



<div class="wp-block-group is-vertical is-content-justification-center is-nowrap is-layout-flex wp-container-core-group-is-layout-63bfd6c1 wp-block-group-is-layout-flex">
<p class="has-text-align-center has-small-font-size"><strong><a href="https://geschichtsdidaktik.uni-mainz.de/team/mitarbeiter-mitarbeiterinnen/univ-prof-dr-meike-hensel-grobe/">Prof. Dr. Meike Hensel-Grobe</a></strong></p>



<p class="has-text-align-center has-small-font-size">Professorin für die Didaktik der Geschichte an der Johannes Gutenberg-Universität Mainz/Vorsitzende des Instituts für Geschichtliche Landeskunde Rheinland-Pfalz e.V. (gemeinsam mit Prof. Dr. Leif Scheuermann und Prof. Dr. Michael Klemm) (Foto: privat)</p>
</div>
</div>



<div class="wp-block-column is-layout-flow wp-block-column-is-layout-flow">
<figure class="wp-block-image size-full is-style-rounded wp-duotone-unset-6 is-style-rounded--5"><img loading="lazy" decoding="async" width="1707" height="2560" src="https://www.oer-landesgeschichte-rlp.de/wp-content/uploads/2025/03/yoann-siloine-_T4w3JDm6ug-unsplash-scaled.jpg" alt="" class="wp-image-1578" style="aspect-ratio:1;object-fit:cover" srcset="https://www.oer-landesgeschichte-rlp.de/wp-content/uploads/2025/03/yoann-siloine-_T4w3JDm6ug-unsplash-scaled.jpg 1707w, https://www.oer-landesgeschichte-rlp.de/wp-content/uploads/2025/03/yoann-siloine-_T4w3JDm6ug-unsplash-200x300.jpg 200w, https://www.oer-landesgeschichte-rlp.de/wp-content/uploads/2025/03/yoann-siloine-_T4w3JDm6ug-unsplash-683x1024.jpg 683w, https://www.oer-landesgeschichte-rlp.de/wp-content/uploads/2025/03/yoann-siloine-_T4w3JDm6ug-unsplash-768x1152.jpg 768w, https://www.oer-landesgeschichte-rlp.de/wp-content/uploads/2025/03/yoann-siloine-_T4w3JDm6ug-unsplash-1024x1536.jpg 1024w, https://www.oer-landesgeschichte-rlp.de/wp-content/uploads/2025/03/yoann-siloine-_T4w3JDm6ug-unsplash-1365x2048.jpg 1365w" sizes="auto, (max-width: 1707px) 100vw, 1707px" /></figure>



<div class="wp-block-group is-vertical is-content-justification-center is-nowrap is-layout-flex wp-container-core-group-is-layout-63bfd6c1 wp-block-group-is-layout-flex">
<p class="has-text-align-center has-small-font-size"><strong>Felix Paul Maskow</strong></p>



<p class="has-text-align-center has-small-font-size">M.A. Geschichte</p>
</div>
</div>
</div>
</div>



<div class="wp-block-group has-global-padding is-layout-constrained wp-block-group-is-layout-constrained">
<p class="has-text-align-left has-medium-font-size"><br>Neben&nbsp;<strong>Lehrenden und wissenschaftlichen MitarbeiterInnen des Arbeitsbereichs Geschichtsdidaktik&nbsp;</strong>wurden vor allem&nbsp;<strong>Studierende der Geschichte und Geschichtsdidaktik an der Johannes Gutenberg-Universität Mainz</strong> in die Konzeption des digitalen OER-Angebots einbezogen. Ihre didaktisch-methodischen Ideen und Archivrecherchen sichtbar zu machen, ist ein wichtiger Grundpfeiler des Bildungsportals. Technisch begleitet wurde die digitale Umsetzung des Projekts durch das&nbsp;<strong>Institut für Geschichtliche Landeskunde Rheinland-Pfalz e.V.</strong></p>



<div style="height:10px" aria-hidden="true" class="wp-block-spacer"></div>



<p class="has-text-align-left has-contrast-2-color has-text-color has-link-color has-medium-font-size wp-elements-5ccdff971379c4b96a3594fd1ffd924c"><strong>Studierende:</strong></p>



<p class="has-link-color has-medium-font-size wp-elements-be136f657b1018c65f6c45b23a59666f">Laura Berndroth, Till Diefenbach, Anna Dötsch, Robert Dückershoff, Nicolai Eckert, Anna Endner, Nora Groll, Charlotte Hochkirch, Hanna Hülbusch, David Keilmann, Maria Kleemann, Moritz Lill, Till Loh, Luis Felipe Mattos Schwinn, Felix Maskow, Colin Münster, Lisa Pflaumer, Rebecca Rasp, David Welsch, Alexandra Wollenweber</p>



<p class="has-contrast-2-color has-text-color has-link-color has-medium-font-size wp-elements-251f08a86022e7787722d9003d69f162"><strong>Team des Arbeitsbereichs Geschichtsdidaktik:</strong></p>



<p class="has-link-color has-medium-font-size wp-elements-cc4684040f42bb5b97d26aac2e0a9f8a">Katharina Buchholz, Univ.-Prof. Dr. Meike Hensel-Grobe, Franziska Kaiser<br>Johanna Oppenheimer (Audio-Vertonung, Bilder), Lara Schott-Storch (Audio-Vertonung, Bilder)</p>



<p class="has-contrast-2-color has-text-color has-link-color has-medium-font-size wp-elements-0222cd6d370e53ac8374bd749ad11d18"><strong>Technische Beratung:</strong></p>



<p class="has-link-color has-medium-font-size wp-elements-740577882bb927834239b2bfab53d3bb">Maximilian Wegner (IGL Rheinland-Pfalz e.V.)</p>
</div>



<p></p>

<p>Wir sind Lehrende an der Johannes Gutenberg-Universität Mainz und an verschiedenen Schulen in Rheinland-Pfalz sowie Promovierende, Mitarbeitende und Studierende am Arbeitsbereich Geschichtsdidaktik der JGU Mainz Katharina Buchholz Lehrerin an einem Gymnasium in Rheinland-Pfalz und (teil-)abgeordnete Lehrkraft am Arbeitsbereich Geschichtsdidaktik der JGU Mainz (Foto: privat) Prof. Dr. Meike Hensel-Grobe Professorin für die Didaktik der Geschichte an [&hellip;]</p>
