{"id":1590,"date":"2025-03-26T23:34:42","date_gmt":"2025-03-26T22:34:42","guid":{"rendered":"https:\/\/www.oer-landesgeschichte-rlp.de\/?page_id=1590"},"modified":"2025-03-27T09:55:57","modified_gmt":"2025-03-27T08:55:57","slug":"kontakt","status":"publish","type":"page","link":"https:\/\/www.oer-landesgeschichte-rlp.de\/index.php\/kontakt\/","title":{"rendered":"Kontakt"},"content":{"rendered":"\n<div class=\"wp-block-cover alignfull is-light\"><span aria-hidden=\"true\" class=\"wp-block-cover__background has-background-dim\" style=\"background-color:#a9a19b\"><\/span><img loading=\"lazy\" decoding=\"async\" width=\"2560\" height=\"1565\" class=\"wp-block-cover__image-background wp-image-113\" alt=\"\" src=\"https:\/\/www.oer-landesgeschichte-rlp.de\/wp-content\/uploads\/2024\/06\/Symbolbild_Header-scaled.jpg\" style=\"object-position:72% 86%\" data-object-fit=\"cover\" data-object-position=\"72% 86%\" srcset=\"https:\/\/www.oer-landesgeschichte-rlp.de\/wp-content\/uploads\/2024\/06\/Symbolbild_Header-scaled.jpg 2560w, https:\/\/www.oer-landesgeschichte-rlp.de\/wp-content\/uploads\/2024\/06\/Symbolbild_Header-300x183.jpg 300w, https:\/\/www.oer-landesgeschichte-rlp.de\/wp-content\/uploads\/2024\/06\/Symbolbild_Header-1024x626.jpg 1024w, https:\/\/www.oer-landesgeschichte-rlp.de\/wp-content\/uploads\/2024\/06\/Symbolbild_Header-768x469.jpg 768w, https:\/\/www.oer-landesgeschichte-rlp.de\/wp-content\/uploads\/2024\/06\/Symbolbild_Header-1536x939.jpg 1536w, https:\/\/www.oer-landesgeschichte-rlp.de\/wp-content\/uploads\/2024\/06\/Symbolbild_Header-2048x1252.jpg 2048w\" sizes=\"auto, (max-width: 2560px) 100vw, 2560px\" \/><div class=\"wp-block-cover__inner-container has-global-padding is-layout-constrained wp-block-cover-is-layout-constrained\">\n<p class=\"has-text-align-center has-large-font-size\"><\/p>\n<\/div><\/div>\n\n\n\n<div style=\"height:20px\" aria-hidden=\"true\" class=\"wp-block-spacer\"><\/div>\n\n\n\n<p class=\"has-text-align-center\">Die digitale Form erm\u00f6glicht es uns, die auf dem Bildungsportal pr\u00e4sentierten Materialien weiterzuentwickeln, zu erg\u00e4nzen, zu korrigieren oder zu aktualisieren.<\/p>\n\n\n\n<p class=\"has-text-align-center\"><strong>Hierzu freuen wir uns \u00fcber konstruktives Feedback via Mail an <em>geschichtsdidaktik@uni-mainz.de<\/em><\/strong>.<\/p>\n\n\n\n<div style=\"height:10px\" aria-hidden=\"true\" class=\"wp-block-spacer\"><\/div>\n\n\n\n<div class=\"wp-block-buttons is-content-justification-center is-layout-flex wp-container-core-buttons-is-layout-a89b3969 wp-block-buttons-is-layout-flex\">\n<div class=\"wp-block-button\"><a class=\"wp-block-button__link has-text-align-center wp-element-button\" href=\"mailto: &quot;geschichtsdidaktik@uni-mainz.de&quot;\"><strong>Mailkontakt aufnehmen<\/strong><\/a><\/div>\n<\/div>\n\n\n\n<div style=\"height:10px\" aria-hidden=\"true\" class=\"wp-block-spacer\"><\/div>\n\n\n\n<p class=\"has-text-align-center\">Wir haben uns bem\u00fcht, s\u00e4mtliche Zitate und Quellennutzungen mit den entsprechenden Archiven, Verlagen sowie UrheberInnen und (uns bekannten) lebenden Nachfahren im Vorfeld der Ver\u00f6ffentlichung auf dem BildungsPortal abzukl\u00e4ren. <br><br>Sollten sich diesbez\u00fcglich R\u00fcckfragen ergeben, so bitten wir gerne um Kontaktaufnahme.<\/p>\n","protected":false},"excerpt":{"rendered":"<p>Die digitale Form erm\u00f6glicht es uns, die auf dem Bildungsportal pr\u00e4sentierten Materialien weiterzuentwickeln, zu erg\u00e4nzen, zu korrigieren oder zu aktualisieren. Hierzu freuen wir uns \u00fcber konstruktives Feedback via Mail an geschichtsdidaktik@uni-mainz.de. Wir haben uns bem\u00fcht, s\u00e4mtliche Zitate und Quellennutzungen mit den entsprechenden Archiven, Verlagen sowie UrheberInnen und (uns bekannten) lebenden Nachfahren im Vorfeld der Ver\u00f6ffentlichung [&hellip;]<\/p>\n","protected":false},"author":2,"featured_media":0,"parent":0,"menu_order":0,"comment_status":"closed","ping_status":"closed","template":"","meta":{"footnotes":""},"class_list":["post-1590","page","type-page","status-publish","hentry"],"_links":{"self":[{"href":"https:\/\/www.oer-landesgeschichte-rlp.de\/index.php\/wp-json\/wp\/v2\/pages\/1590","targetHints":{"allow":["GET"]}}],"collection":[{"href":"https:\/\/www.oer-landesgeschichte-rlp.de\/index.php\/wp-json\/wp\/v2\/pages"}],"about":[{"href":"https:\/\/www.oer-landesgeschichte-rlp.de\/index.php\/wp-json\/wp\/v2\/types\/page"}],"author":[{"embeddable":true,"href":"https:\/\/www.oer-landesgeschichte-rlp.de\/index.php\/wp-json\/wp\/v2\/users\/2"}],"replies":[{"embeddable":true,"href":"https:\/\/www.oer-landesgeschichte-rlp.de\/index.php\/wp-json\/wp\/v2\/comments?post=1590"}],"version-history":[{"count":15,"href":"https:\/\/www.oer-landesgeschichte-rlp.de\/index.php\/wp-json\/wp\/v2\/pages\/1590\/revisions"}],"predecessor-version":[{"id":1657,"href":"https:\/\/www.oer-landesgeschichte-rlp.de\/index.php\/wp-json\/wp\/v2\/pages\/1590\/revisions\/1657"}],"wp:attachment":[{"href":"https:\/\/www.oer-landesgeschichte-rlp.de\/index.php\/wp-json\/wp\/v2\/media?parent=1590"}],"curies":[{"name":"wp","href":"https:\/\/api.w.org\/{rel}","templated":true}]}}

<div class="wp-block-cover alignfull is-light"><span aria-hidden="true" class="wp-block-cover__background has-background-dim" style="background-color:#a9a19b"></span><img loading="lazy" decoding="async" width="2560" height="1565" class="wp-block-cover__image-background wp-image-113" alt="" src="https://www.oer-landesgeschichte-rlp.de/wp-content/uploads/2024/06/Symbolbild_Header-scaled.jpg" style="object-position:72% 86%" data-object-fit="cover" data-object-position="72% 86%" srcset="https://www.oer-landesgeschichte-rlp.de/wp-content/uploads/2024/06/Symbolbild_Header-scaled.jpg 2560w, https://www.oer-landesgeschichte-rlp.de/wp-content/uploads/2024/06/Symbolbild_Header-300x183.jpg 300w, https://www.oer-landesgeschichte-rlp.de/wp-content/uploads/2024/06/Symbolbild_Header-1024x626.jpg 1024w, https://www.oer-landesgeschichte-rlp.de/wp-content/uploads/2024/06/Symbolbild_Header-768x469.jpg 768w, https://www.oer-landesgeschichte-rlp.de/wp-content/uploads/2024/06/Symbolbild_Header-1536x939.jpg 1536w, https://www.oer-landesgeschichte-rlp.de/wp-content/uploads/2024/06/Symbolbild_Header-2048x1252.jpg 2048w" sizes="auto, (max-width: 2560px) 100vw, 2560px" /><div class="wp-block-cover__inner-container has-global-padding is-layout-constrained wp-block-cover-is-layout-constrained">
<p class="has-text-align-center has-large-font-size"></p>
</div></div>



<div style="height:20px" aria-hidden="true" class="wp-block-spacer"></div>



<p class="has-text-align-center">Die digitale Form ermöglicht es uns, die auf dem Bildungsportal präsentierten Materialien weiterzuentwickeln, zu ergänzen, zu korrigieren oder zu aktualisieren.</p>



<p class="has-text-align-center"><strong>Hierzu freuen wir uns über konstruktives Feedback via Mail an <em>geschichtsdidaktik@uni-mainz.de</em></strong>.</p>



<div style="height:10px" aria-hidden="true" class="wp-block-spacer"></div>



<div class="wp-block-buttons is-content-justification-center is-layout-flex wp-container-core-buttons-is-layout-a89b3969 wp-block-buttons-is-layout-flex">
<div class="wp-block-button"><a class="wp-block-button__link has-text-align-center wp-element-button" href="mailto: &quot;geschichtsdidaktik@uni-mainz.de&quot;"><strong>Mailkontakt aufnehmen</strong></a></div>
</div>



<div style="height:10px" aria-hidden="true" class="wp-block-spacer"></div>



<p class="has-text-align-center">Wir haben uns bemüht, sämtliche Zitate und Quellennutzungen mit den entsprechenden Archiven, Verlagen sowie UrheberInnen und (uns bekannten) lebenden Nachfahren im Vorfeld der Veröffentlichung auf dem BildungsPortal abzuklären. <br><br>Sollten sich diesbezüglich Rückfragen ergeben, so bitten wir gerne um Kontaktaufnahme.</p>

<p>Die digitale Form ermöglicht es uns, die auf dem Bildungsportal präsentierten Materialien weiterzuentwickeln, zu ergänzen, zu korrigieren oder zu aktualisieren. Hierzu freuen wir uns über konstruktives Feedback via Mail an geschichtsdidaktik@uni-mainz.de. Wir haben uns bemüht, sämtliche Zitate und Quellennutzungen mit den entsprechenden Archiven, Verlagen sowie UrheberInnen und (uns bekannten) lebenden Nachfahren im Vorfeld der Veröffentlichung [&hellip;]</p>
