{"id":841,"date":"2025-01-30T08:15:00","date_gmt":"2025-01-30T07:15:00","guid":{"rendered":"https:\/\/www.oer-landesgeschichte-rlp.de\/?page_id=841"},"modified":"2025-07-02T10:22:45","modified_gmt":"2025-07-02T08:22:45","slug":"impuls-6","status":"publish","type":"page","link":"https:\/\/www.oer-landesgeschichte-rlp.de\/index.php\/impuls-6\/","title":{"rendered":"Impuls 6"},"content":{"rendered":"\n<h5 class=\"wp-block-heading has-text-align-center\"><strong><strong>Nicht \u201e<em>politisch einwandfrei<\/em>\u201c? \u2013 Das Fallbeispiel Hermann Ibkendanz<\/strong> (Sekundarstufe I\/II)<\/strong><\/h5>\n\n\n\n<div style=\"height:20px\" aria-hidden=\"true\" class=\"wp-block-spacer\"><\/div>\n\n\n\n<div class=\"wp-block-columns is-layout-flex wp-container-core-columns-is-layout-28f84493 wp-block-columns-is-layout-flex\">\n<div class=\"wp-block-column is-layout-flow wp-block-column-is-layout-flow\"><\/div>\n\n\n\n<div class=\"wp-block-column is-layout-flow wp-block-column-is-layout-flow\">\n<p class=\"has-custom-color-2-color has-base-background-color has-text-color has-background has-link-color has-small-font-size wp-elements-86f073722dfb431fd920f28714b168c2\"><strong>Der hier vorgestellte didaktische Impuls wurde von einer M.Ed.- Studierenden der Geschichtsdidaktik im Sommersemester 2024 konzipiert: <\/strong><br><br>Nora Groll<\/p>\n<\/div>\n<\/div>\n\n\n\n<div style=\"height:20px\" aria-hidden=\"true\" class=\"wp-block-spacer\"><\/div>\n\n\n\n<p class=\"has-base-2-background-color has-background\">Der sowohl in der Sekundarstufe I als auch in der Sekundarstufe II einsetzbare didaktische Impuls bietet familienbiografische Einblicke in das Leben der Familie Ibkendanz. Hermann Ibkendanz wurde am 9. Mai 1933 von der NSDAP verhaftet und im (fr\u00fchen) Konzentrationslager Osthofen inhaftiert. Zuvor war er f\u00fcr die SPD Mitglied des Stadtrates Worms und Gewerkschaftsvorsitzender. Die Verhaftung f\u00fchrte zu seiner Entlassung aus dem Eisenbahndienst, eine Wiedereinstellung wurde im NS-Regime (zun\u00e4chst) systematisch verhindert. Auch der Ausbildungsweg seines Sohnes sowie die berufliche T\u00e4tigkeit seiner Frau wurden durch seine Verfolgung beeinflusst. Die Biografie von Hermann Ibkendanz und sein Kampf um Wiedergutmachung ist ein stellvertretendes Beispiel f\u00fcr politische Verfolgung im Nationalsozialismus.&nbsp;<\/p>\n\n\n\n<div style=\"height:20px\" aria-hidden=\"true\" class=\"wp-block-spacer\"><\/div>\n\n\n\n<hr class=\"wp-block-separator has-text-color has-custom-color-2-color has-alpha-channel-opacity has-custom-color-2-background-color has-background\"\/>\n\n\n\n<div class=\"wp-block-file has-link-color wp-elements-d9a2450588304a4e490cd25afd184840\"><a id=\"wp-block-file--media-b1da198d-25f4-4c74-b469-85969e9bbfb7\" href=\"https:\/\/www.oer-landesgeschichte-rlp.de\/wp-content\/uploads\/2025\/04\/Didaktischer-Impuls_Thema-Wiedergutmachung_6.pdf\"><strong>Didaktischer Impuls im Lehrendenformat<\/strong><\/a><\/div>\n\n\n\n<div class=\"wp-block-file has-link-color wp-elements-fd49a8a8e2303ca1c303419d319cad20\"><a id=\"wp-block-file--media-9cf7e7e8-7d8a-4376-a694-2fa6789796a5\" href=\"https:\/\/www.oer-landesgeschichte-rlp.de\/wp-content\/uploads\/2025\/03\/Didaktisches-Konzept-6.pdf\"><strong>Didaktischer Impuls im Pr\u00e4sentationsformat<\/strong><\/a><\/div>\n\n\n\n<p><\/p>\n","protected":false},"excerpt":{"rendered":"<p>Nicht \u201epolitisch einwandfrei\u201c? \u2013 Das Fallbeispiel Hermann Ibkendanz (Sekundarstufe I\/II) Der hier vorgestellte didaktische Impuls wurde von einer M.Ed.- Studierenden der Geschichtsdidaktik im Sommersemester 2024 konzipiert: Nora Groll Der sowohl in der Sekundarstufe I als auch in der Sekundarstufe II einsetzbare didaktische Impuls bietet familienbiografische Einblicke in das Leben der Familie Ibkendanz. Hermann Ibkendanz wurde [&hellip;]<\/p>\n","protected":false},"author":2,"featured_media":0,"parent":0,"menu_order":0,"comment_status":"closed","ping_status":"closed","template":"","meta":{"footnotes":""},"class_list":["post-841","page","type-page","status-publish","hentry"],"_links":{"self":[{"href":"https:\/\/www.oer-landesgeschichte-rlp.de\/index.php\/wp-json\/wp\/v2\/pages\/841","targetHints":{"allow":["GET"]}}],"collection":[{"href":"https:\/\/www.oer-landesgeschichte-rlp.de\/index.php\/wp-json\/wp\/v2\/pages"}],"about":[{"href":"https:\/\/www.oer-landesgeschichte-rlp.de\/index.php\/wp-json\/wp\/v2\/types\/page"}],"author":[{"embeddable":true,"href":"https:\/\/www.oer-landesgeschichte-rlp.de\/index.php\/wp-json\/wp\/v2\/users\/2"}],"replies":[{"embeddable":true,"href":"https:\/\/www.oer-landesgeschichte-rlp.de\/index.php\/wp-json\/wp\/v2\/comments?post=841"}],"version-history":[{"count":11,"href":"https:\/\/www.oer-landesgeschichte-rlp.de\/index.php\/wp-json\/wp\/v2\/pages\/841\/revisions"}],"predecessor-version":[{"id":1961,"href":"https:\/\/www.oer-landesgeschichte-rlp.de\/index.php\/wp-json\/wp\/v2\/pages\/841\/revisions\/1961"}],"wp:attachment":[{"href":"https:\/\/www.oer-landesgeschichte-rlp.de\/index.php\/wp-json\/wp\/v2\/media?parent=841"}],"curies":[{"name":"wp","href":"https:\/\/api.w.org\/{rel}","templated":true}]}}

<h5 class="wp-block-heading has-text-align-center"><strong><strong>Nicht „<em>politisch einwandfrei</em>“? – Das Fallbeispiel Hermann Ibkendanz</strong> (Sekundarstufe I/II)</strong></h5>



<div style="height:20px" aria-hidden="true" class="wp-block-spacer"></div>



<div class="wp-block-columns is-layout-flex wp-container-core-columns-is-layout-28f84493 wp-block-columns-is-layout-flex">
<div class="wp-block-column is-layout-flow wp-block-column-is-layout-flow"></div>



<div class="wp-block-column is-layout-flow wp-block-column-is-layout-flow">
<p class="has-custom-color-2-color has-base-background-color has-text-color has-background has-link-color has-small-font-size wp-elements-86f073722dfb431fd920f28714b168c2"><strong>Der hier vorgestellte didaktische Impuls wurde von einer M.Ed.- Studierenden der Geschichtsdidaktik im Sommersemester 2024 konzipiert: </strong><br><br>Nora Groll</p>
</div>
</div>



<div style="height:20px" aria-hidden="true" class="wp-block-spacer"></div>



<p class="has-base-2-background-color has-background">Der sowohl in der Sekundarstufe I als auch in der Sekundarstufe II einsetzbare didaktische Impuls bietet familienbiografische Einblicke in das Leben der Familie Ibkendanz. Hermann Ibkendanz wurde am 9. Mai 1933 von der NSDAP verhaftet und im (frühen) Konzentrationslager Osthofen inhaftiert. Zuvor war er für die SPD Mitglied des Stadtrates Worms und Gewerkschaftsvorsitzender. Die Verhaftung führte zu seiner Entlassung aus dem Eisenbahndienst, eine Wiedereinstellung wurde im NS-Regime (zunächst) systematisch verhindert. Auch der Ausbildungsweg seines Sohnes sowie die berufliche Tätigkeit seiner Frau wurden durch seine Verfolgung beeinflusst. Die Biografie von Hermann Ibkendanz und sein Kampf um Wiedergutmachung ist ein stellvertretendes Beispiel für politische Verfolgung im Nationalsozialismus.&nbsp;</p>



<div style="height:20px" aria-hidden="true" class="wp-block-spacer"></div>



<hr class="wp-block-separator has-text-color has-custom-color-2-color has-alpha-channel-opacity has-custom-color-2-background-color has-background"/>



<div class="wp-block-file has-link-color wp-elements-d9a2450588304a4e490cd25afd184840"><a id="wp-block-file--media-b1da198d-25f4-4c74-b469-85969e9bbfb7" href="https://www.oer-landesgeschichte-rlp.de/wp-content/uploads/2025/04/Didaktischer-Impuls_Thema-Wiedergutmachung_6.pdf"><strong>Didaktischer Impuls im Lehrendenformat</strong></a></div>



<div class="wp-block-file has-link-color wp-elements-fd49a8a8e2303ca1c303419d319cad20"><a id="wp-block-file--media-9cf7e7e8-7d8a-4376-a694-2fa6789796a5" href="https://www.oer-landesgeschichte-rlp.de/wp-content/uploads/2025/03/Didaktisches-Konzept-6.pdf"><strong>Didaktischer Impuls im Präsentationsformat</strong></a></div>



<p></p>
