{"id":844,"date":"2025-01-30T08:15:57","date_gmt":"2025-01-30T07:15:57","guid":{"rendered":"https:\/\/www.oer-landesgeschichte-rlp.de\/?page_id=844"},"modified":"2025-07-02T10:23:02","modified_gmt":"2025-07-02T08:23:02","slug":"impuls-7","status":"publish","type":"page","link":"https:\/\/www.oer-landesgeschichte-rlp.de\/index.php\/impuls-7\/","title":{"rendered":"Impuls 7"},"content":{"rendered":"\n<h5 class=\"wp-block-heading has-text-align-center\"><strong><strong><strong>Der abgebrochene Ausbildungsweg Georg Wagners \u2013 Wiedergutmachungsantr\u00e4ge als Zeugnisse verwehrter Chancen? <\/strong><br><strong>(Sekundarstufe I\/II)<\/strong><\/strong><\/strong><\/h5>\n\n\n\n<div style=\"height:20px\" aria-hidden=\"true\" class=\"wp-block-spacer\"><\/div>\n\n\n\n<div class=\"wp-block-columns is-layout-flex wp-container-core-columns-is-layout-28f84493 wp-block-columns-is-layout-flex\">\n<div class=\"wp-block-column is-layout-flow wp-block-column-is-layout-flow\"><\/div>\n\n\n\n<div class=\"wp-block-column is-layout-flow wp-block-column-is-layout-flow\">\n<p class=\"has-custom-color-2-color has-base-background-color has-text-color has-background has-link-color has-small-font-size wp-elements-70022789a9e53240f146d419c07e84a6\"><strong>Der hier vorgestellte didaktische Impuls wurde von B.Ed.\/M.Ed.- Studierenden der Geschichtsdidaktik im Sommersemester 2024 konzipiert: <\/strong><br><br>Nicolai Eckert, Alexandra Wollenweber<\/p>\n<\/div>\n<\/div>\n\n\n\n<div style=\"height:20px\" aria-hidden=\"true\" class=\"wp-block-spacer\"><\/div>\n\n\n\n<p class=\"has-base-2-background-color has-background\">Das wahlweise in Sekundarstufe I oder II einsetzbare Quellenarrangement und Aufgabenkonvolut besteht sowohl aus Ego- als auch aus Fremddokumenten von und \u00fcber den ehemaligen Missionssch\u00fcler Georg Wagner. Die im Nationalsozialismus erfahrene Diskriminierung durch mehrere Schlie\u00dfungen von katholischen Schulen, die er besuchte, durch die Gestapo, sein Schulverweis wegen eines angeblichen Diebstahls und der damit verbundene Einschnitt in seiner Bildungsbiografie bilden das Zentrum dieses Arrangements. Auch Perspektiven von anderen auf den Vorfall, wie beispielsweise ein entlastendes Gutachten seines Rektors Frings, der ihn verteidigt, sollen die Willk\u00fcr der Nationalsozialisten aufzeigen. Zudem zeigt auch der erste abgelehnte Wiedergutmachungsantrag, dass es manchmal f\u00fcr die Betroffenen ein z\u00e4her b\u00fcrokratischer Akt sein konnte, in Nachkriegsdeutschland zu einer Entsch\u00e4digung im Rahmen des Bundesentsch\u00e4digungsgesetzes zu gelangen. Des Weiteren sollen erinnerungskulturelle Aspekte und das Leben Georg Wagners ab 1950 in unterschiedlichen Aufgaben thematisiert werden. Die didaktische Skizze h\u00e4lt differenzierte Aufgaben bereit, u.a. eine projektartige, regionalgeschichtliche Aufgabe am Beispiel von Stolpersteinen. Zudem sind interaktive und multimediale Aufgaben Bestandteil des Konvoluts.&nbsp;<\/p>\n\n\n\n<div style=\"height:20px\" aria-hidden=\"true\" class=\"wp-block-spacer\"><\/div>\n\n\n\n<hr class=\"wp-block-separator has-text-color has-custom-color-2-color has-alpha-channel-opacity has-custom-color-2-background-color has-background\"\/>\n\n\n\n<div style=\"height:10px\" aria-hidden=\"true\" class=\"wp-block-spacer\"><\/div>\n\n\n\n<div class=\"wp-block-file has-link-color wp-elements-d198295d204ba80dfefcef8e1ae27c77\"><a id=\"wp-block-file--media-ddbb694d-49db-4ed5-9504-3f8c1df2d025\" href=\"https:\/\/www.oer-landesgeschichte-rlp.de\/wp-content\/uploads\/2025\/04\/Didaktischer-Impuls_Thema-Wiedergutmachung_7.pdf\"><strong>Didaktischer Impuls im Lehrendenformat<\/strong><\/a><\/div>\n\n\n\n<div class=\"wp-block-file has-link-color wp-elements-a763aee39365e26dc52461578b7b8bbf\"><a id=\"wp-block-file--media-70917a61-a840-400b-b03f-1fbc12cc1531\" href=\"https:\/\/www.oer-landesgeschichte-rlp.de\/wp-content\/uploads\/2025\/04\/Didaktisches-Konzept-7.pdf\"><strong>Didaktischer Impuls im Pr\u00e4sentationsformat<\/strong><\/a><\/div>\n\n\n\n<div style=\"height:10px\" aria-hidden=\"true\" class=\"wp-block-spacer\"><\/div>\n\n\n\n<hr class=\"wp-block-separator has-text-color has-custom-color-2-color has-alpha-channel-opacity has-custom-color-2-background-color has-background\"\/>\n\n\n\n<div style=\"height:10px\" aria-hidden=\"true\" class=\"wp-block-spacer\"><\/div>\n\n\n\n<p>Die Aufgabenstellungen und kontextualisierende Erl\u00e4uterungen zu den interaktiven Elemente (s.u.) finden sich im Download-Angebot des didaktischen Impulses<\/p>\n\n\n\n<h3 class=\"wp-block-heading alignwide has-text-align-center\"><strong>Stationen der Biografie Georg Wagners &#8211; Eine interaktive Karte<\/strong><\/h3>\n\n\n<div class=\"h5p-iframe-wrapper\"><iframe id=\"h5p-iframe-3\" class=\"h5p-iframe\" data-content-id=\"3\" style=\"height:1px\" src=\"about:blank\" frameBorder=\"0\" scrolling=\"no\" title=\"Georg Wagner\"><\/iframe><\/div>\n\n\n\n<hr class=\"wp-block-separator has-text-color has-custom-color-2-color has-alpha-channel-opacity has-custom-color-2-background-color has-background\"\/>\n\n\n\n<h3 class=\"wp-block-heading alignwide has-text-align-center\"><strong>Stationen der Biografie Georg Wagners &#8211; Ein \u00dcberblick mit Schl\u00fcsselbegriffen<\/strong><\/h3>\n\n\n<div class=\"h5p-iframe-wrapper\"><iframe id=\"h5p-iframe-5\" class=\"h5p-iframe\" data-content-id=\"5\" style=\"height:1px\" src=\"about:blank\" frameBorder=\"0\" scrolling=\"no\" title=\"Georg Wagner_L\u00fcckentext\"><\/iframe><\/div>\n\n\n\n<p><\/p>\n","protected":false},"excerpt":{"rendered":"<p>Der abgebrochene Ausbildungsweg Georg Wagners \u2013 Wiedergutmachungsantr\u00e4ge als Zeugnisse verwehrter Chancen? (Sekundarstufe I\/II) Der hier vorgestellte didaktische Impuls wurde von B.Ed.\/M.Ed.- Studierenden der Geschichtsdidaktik im Sommersemester 2024 konzipiert: Nicolai Eckert, Alexandra Wollenweber Das wahlweise in Sekundarstufe I oder II einsetzbare Quellenarrangement und Aufgabenkonvolut besteht sowohl aus Ego- als auch aus Fremddokumenten von und \u00fcber den [&hellip;]<\/p>\n","protected":false},"author":2,"featured_media":0,"parent":0,"menu_order":0,"comment_status":"closed","ping_status":"closed","template":"","meta":{"footnotes":""},"class_list":["post-844","page","type-page","status-publish","hentry"],"_links":{"self":[{"href":"https:\/\/www.oer-landesgeschichte-rlp.de\/index.php\/wp-json\/wp\/v2\/pages\/844","targetHints":{"allow":["GET"]}}],"collection":[{"href":"https:\/\/www.oer-landesgeschichte-rlp.de\/index.php\/wp-json\/wp\/v2\/pages"}],"about":[{"href":"https:\/\/www.oer-landesgeschichte-rlp.de\/index.php\/wp-json\/wp\/v2\/types\/page"}],"author":[{"embeddable":true,"href":"https:\/\/www.oer-landesgeschichte-rlp.de\/index.php\/wp-json\/wp\/v2\/users\/2"}],"replies":[{"embeddable":true,"href":"https:\/\/www.oer-landesgeschichte-rlp.de\/index.php\/wp-json\/wp\/v2\/comments?post=844"}],"version-history":[{"count":20,"href":"https:\/\/www.oer-landesgeschichte-rlp.de\/index.php\/wp-json\/wp\/v2\/pages\/844\/revisions"}],"predecessor-version":[{"id":1962,"href":"https:\/\/www.oer-landesgeschichte-rlp.de\/index.php\/wp-json\/wp\/v2\/pages\/844\/revisions\/1962"}],"wp:attachment":[{"href":"https:\/\/www.oer-landesgeschichte-rlp.de\/index.php\/wp-json\/wp\/v2\/media?parent=844"}],"curies":[{"name":"wp","href":"https:\/\/api.w.org\/{rel}","templated":true}]}}

<h5 class="wp-block-heading has-text-align-center"><strong><strong><strong>Der abgebrochene Ausbildungsweg Georg Wagners – Wiedergutmachungsanträge als Zeugnisse verwehrter Chancen? </strong><br><strong>(Sekundarstufe I/II)</strong></strong></strong></h5>



<div style="height:20px" aria-hidden="true" class="wp-block-spacer"></div>



<div class="wp-block-columns is-layout-flex wp-container-core-columns-is-layout-28f84493 wp-block-columns-is-layout-flex">
<div class="wp-block-column is-layout-flow wp-block-column-is-layout-flow"></div>



<div class="wp-block-column is-layout-flow wp-block-column-is-layout-flow">
<p class="has-custom-color-2-color has-base-background-color has-text-color has-background has-link-color has-small-font-size wp-elements-70022789a9e53240f146d419c07e84a6"><strong>Der hier vorgestellte didaktische Impuls wurde von B.Ed./M.Ed.- Studierenden der Geschichtsdidaktik im Sommersemester 2024 konzipiert: </strong><br><br>Nicolai Eckert, Alexandra Wollenweber</p>
</div>
</div>



<div style="height:20px" aria-hidden="true" class="wp-block-spacer"></div>



<p class="has-base-2-background-color has-background">Das wahlweise in Sekundarstufe I oder II einsetzbare Quellenarrangement und Aufgabenkonvolut besteht sowohl aus Ego- als auch aus Fremddokumenten von und über den ehemaligen Missionsschüler Georg Wagner. Die im Nationalsozialismus erfahrene Diskriminierung durch mehrere Schließungen von katholischen Schulen, die er besuchte, durch die Gestapo, sein Schulverweis wegen eines angeblichen Diebstahls und der damit verbundene Einschnitt in seiner Bildungsbiografie bilden das Zentrum dieses Arrangements. Auch Perspektiven von anderen auf den Vorfall, wie beispielsweise ein entlastendes Gutachten seines Rektors Frings, der ihn verteidigt, sollen die Willkür der Nationalsozialisten aufzeigen. Zudem zeigt auch der erste abgelehnte Wiedergutmachungsantrag, dass es manchmal für die Betroffenen ein zäher bürokratischer Akt sein konnte, in Nachkriegsdeutschland zu einer Entschädigung im Rahmen des Bundesentschädigungsgesetzes zu gelangen. Des Weiteren sollen erinnerungskulturelle Aspekte und das Leben Georg Wagners ab 1950 in unterschiedlichen Aufgaben thematisiert werden. Die didaktische Skizze hält differenzierte Aufgaben bereit, u.a. eine projektartige, regionalgeschichtliche Aufgabe am Beispiel von Stolpersteinen. Zudem sind interaktive und multimediale Aufgaben Bestandteil des Konvoluts.&nbsp;</p>



<div style="height:20px" aria-hidden="true" class="wp-block-spacer"></div>



<hr class="wp-block-separator has-text-color has-custom-color-2-color has-alpha-channel-opacity has-custom-color-2-background-color has-background"/>



<div style="height:10px" aria-hidden="true" class="wp-block-spacer"></div>



<div class="wp-block-file has-link-color wp-elements-d198295d204ba80dfefcef8e1ae27c77"><a id="wp-block-file--media-ddbb694d-49db-4ed5-9504-3f8c1df2d025" href="https://www.oer-landesgeschichte-rlp.de/wp-content/uploads/2025/04/Didaktischer-Impuls_Thema-Wiedergutmachung_7.pdf"><strong>Didaktischer Impuls im Lehrendenformat</strong></a></div>



<div class="wp-block-file has-link-color wp-elements-a763aee39365e26dc52461578b7b8bbf"><a id="wp-block-file--media-70917a61-a840-400b-b03f-1fbc12cc1531" href="https://www.oer-landesgeschichte-rlp.de/wp-content/uploads/2025/04/Didaktisches-Konzept-7.pdf"><strong>Didaktischer Impuls im Präsentationsformat</strong></a></div>



<div style="height:10px" aria-hidden="true" class="wp-block-spacer"></div>



<hr class="wp-block-separator has-text-color has-custom-color-2-color has-alpha-channel-opacity has-custom-color-2-background-color has-background"/>



<div style="height:10px" aria-hidden="true" class="wp-block-spacer"></div>



<p>Die Aufgabenstellungen und kontextualisierende Erläuterungen zu den interaktiven Elemente (s.u.) finden sich im Download-Angebot des didaktischen Impulses</p>



<h3 class="wp-block-heading alignwide has-text-align-center"><strong>Stationen der Biografie Georg Wagners &#8211; Eine interaktive Karte</strong></h3>


<div class="h5p-iframe-wrapper"><iframe id="h5p-iframe-3" class="h5p-iframe" data-content-id="3" style="height:1px" src="about:blank" frameBorder="0" scrolling="no" title="Georg Wagner"></iframe></div>



<hr class="wp-block-separator has-text-color has-custom-color-2-color has-alpha-channel-opacity has-custom-color-2-background-color has-background"/>



<h3 class="wp-block-heading alignwide has-text-align-center"><strong>Stationen der Biografie Georg Wagners &#8211; Ein Überblick mit Schlüsselbegriffen</strong></h3>


<div class="h5p-iframe-wrapper"><iframe id="h5p-iframe-5" class="h5p-iframe" data-content-id="5" style="height:1px" src="about:blank" frameBorder="0" scrolling="no" title="Georg Wagner_Lückentext"></iframe></div>



<p></p>

<p>Der abgebrochene Ausbildungsweg Georg Wagners – Wiedergutmachungsanträge als Zeugnisse verwehrter Chancen? (Sekundarstufe I/II) Der hier vorgestellte didaktische Impuls wurde von B.Ed./M.Ed.- Studierenden der Geschichtsdidaktik im Sommersemester 2024 konzipiert: Nicolai Eckert, Alexandra Wollenweber Das wahlweise in Sekundarstufe I oder II einsetzbare Quellenarrangement und Aufgabenkonvolut besteht sowohl aus Ego- als auch aus Fremddokumenten von und über den [&hellip;]</p>
