{"id":853,"date":"2025-01-31T16:02:51","date_gmt":"2025-01-31T15:02:51","guid":{"rendered":"https:\/\/www.oer-landesgeschichte-rlp.de\/?page_id=853"},"modified":"2025-07-02T10:23:23","modified_gmt":"2025-07-02T08:23:23","slug":"impuls-8","status":"publish","type":"page","link":"https:\/\/www.oer-landesgeschichte-rlp.de\/index.php\/impuls-8\/","title":{"rendered":"Impuls 8"},"content":{"rendered":"\n<h5 class=\"wp-block-heading has-text-align-center\"><strong><strong><strong><strong>\u201e<em>Ob mir geholfen wird, ist eine Frage<\/em>?\u201c \u2013 \u201eWiedergutmachung\u201c f\u00fcr NS-Zwangssterilisierte?<\/strong> <\/strong><\/strong><\/strong><br><strong>Das Beispiel von Herrn J. aus der (heutigen) Verbandsgemeinde Gerolstein<\/strong> <strong><strong><strong><strong>(Sekundarstufe I\/II)<\/strong><\/strong><\/strong><\/strong><\/h5>\n\n\n\n<div style=\"height:20px\" aria-hidden=\"true\" class=\"wp-block-spacer\"><\/div>\n\n\n\n<div class=\"wp-block-columns is-layout-flex wp-container-core-columns-is-layout-28f84493 wp-block-columns-is-layout-flex\">\n<div class=\"wp-block-column is-layout-flow wp-block-column-is-layout-flow\"><\/div>\n\n\n\n<div class=\"wp-block-column is-layout-flow wp-block-column-is-layout-flow\">\n<p class=\"has-custom-color-2-color has-base-background-color has-text-color has-background has-link-color has-small-font-size wp-elements-4f2d670e6f317abf4e34e9ac44c0a8d6\"><strong>Der hier vorgestellte didaktische Impuls wurde von einer Mitarbeiterin am Arbeitsbereich Geschichtsdidaktik der JGU Mainz konzipiert: <\/strong><br><br>Franziska Kaiser<br><\/p>\n\n\n\n<p><\/p>\n\n\n\n<p><\/p>\n<\/div>\n<\/div>\n\n\n\n<div style=\"height:20px\" aria-hidden=\"true\" class=\"wp-block-spacer\"><\/div>\n\n\n\n<p class=\"has-base-2-background-color has-background\">Der f\u00fcr die Sekundarstufe II konzipierte didaktische Impuls widmet sich jenen Opfern des Nationalsozialismus, die in der NS-Zeit zwangssterilisiert wurden und nach 1945 versuchten, finanzielle &#8222;Wiedergutmachung&#8220; zu erhalten. Die Lernenden werden in das Entsch\u00e4digungsverfahren eines NS-Verfolgten eingef\u00fchrt und analysieren anhand von Aktenausschnitten&nbsp;den Verlauf des Verfahrens, die Ablehnungsbegr\u00fcndung und die pers\u00f6nliche Gef\u00fchlslage des Betroffenen. Die weiteren Materialien adressieren die&nbsp;Rolle von MedizinerInnen und die Entwicklung der Entsch\u00e4digungspraxis in der Nachkriegszeit sowie die gesellschaftliche Stigmatisierung der Betroffenen. Ziel ist eine kritische Auseinandersetzung und kreative Aufarbeitung, z.B. durch die Konzeption einer Gedenktafel\/eines Gedenkobjektes.<\/p>\n\n\n\n<div style=\"height:20px\" aria-hidden=\"true\" class=\"wp-block-spacer\"><\/div>\n\n\n\n<hr class=\"wp-block-separator has-text-color has-custom-color-2-color has-alpha-channel-opacity has-custom-color-2-background-color has-background\"\/>\n\n\n\n<div style=\"height:10px\" aria-hidden=\"true\" class=\"wp-block-spacer\"><\/div>\n\n\n\n<div class=\"wp-block-file has-link-color wp-elements-1024e187d7c053b7c1340f6cbe2f7c07\"><a id=\"wp-block-file--media-cd3219ae-ee39-4554-8a43-95c80c34f9d7\" href=\"https:\/\/www.oer-landesgeschichte-rlp.de\/wp-content\/uploads\/2025\/05\/Didaktischer-Impuls_Thema-Wiedergutmachung_H.pdf\"><strong>Didaktischer Impuls im Lehrendenformat<\/strong><\/a><\/div>\n\n\n\n<div class=\"wp-block-file has-link-color wp-elements-0321fb1ebe739ac6bd52beec57e3600d\"><a id=\"wp-block-file--media-6c50a55f-4f1b-4ddc-a09a-5bfa9558288a\" href=\"https:\/\/www.oer-landesgeschichte-rlp.de\/wp-content\/uploads\/2025\/05\/Didaktisches-Konzept-8-2.pdf\"><strong>Didaktischer Impuls im Pr\u00e4sentationsformat<\/strong><\/a><\/div>\n\n\n\n<div class=\"wp-block-file has-link-color wp-elements-d11e014ef4466d130376132b978855f6\"><a id=\"wp-block-file--media-ce8db7e9-ce3e-4a87-88d1-c83bd5d955ef\" href=\"https:\/\/www.oer-landesgeschichte-rlp.de\/wp-content\/uploads\/2025\/05\/Reflexionsbogen_Herr-J.pdf\"><strong>Erg\u00e4nzendes Material: Reflexionsbogen<\/strong><\/a><\/div>\n\n\n\n<div style=\"height:11px\" aria-hidden=\"true\" class=\"wp-block-spacer\"><\/div>\n\n\n\n<hr class=\"wp-block-separator has-text-color has-custom-color-2-color has-alpha-channel-opacity has-custom-color-2-background-color has-background\"\/>\n\n\n\n<p>Die Aufgabenstellungen und kontextualisierende Erl\u00e4uterungen zu den interaktiven Elemente (s.u.) finden sich im Download-Angebot des didaktischen Impulses<br><\/p>\n\n\n\n<div style=\"height:11px\" aria-hidden=\"true\" class=\"wp-block-spacer\"><\/div>\n\n\n<div class=\"h5p-iframe-wrapper\"><iframe id=\"h5p-iframe-6\" class=\"h5p-iframe\" data-content-id=\"6\" style=\"height:1px\" src=\"about:blank\" frameBorder=\"0\" scrolling=\"no\" title=\"Titel\"><\/iframe><\/div>\n","protected":false},"excerpt":{"rendered":"<p>\u201eOb mir geholfen wird, ist eine Frage?\u201c \u2013 \u201eWiedergutmachung\u201c f\u00fcr NS-Zwangssterilisierte? Das Beispiel von Herrn J. aus der (heutigen) Verbandsgemeinde Gerolstein (Sekundarstufe I\/II) Der hier vorgestellte didaktische Impuls wurde von einer Mitarbeiterin am Arbeitsbereich Geschichtsdidaktik der JGU Mainz konzipiert: Franziska Kaiser Der f\u00fcr die Sekundarstufe II konzipierte didaktische Impuls widmet sich jenen Opfern des Nationalsozialismus, [&hellip;]<\/p>\n","protected":false},"author":2,"featured_media":0,"parent":0,"menu_order":0,"comment_status":"closed","ping_status":"closed","template":"","meta":{"footnotes":""},"class_list":["post-853","page","type-page","status-publish","hentry"],"_links":{"self":[{"href":"https:\/\/www.oer-landesgeschichte-rlp.de\/index.php\/wp-json\/wp\/v2\/pages\/853","targetHints":{"allow":["GET"]}}],"collection":[{"href":"https:\/\/www.oer-landesgeschichte-rlp.de\/index.php\/wp-json\/wp\/v2\/pages"}],"about":[{"href":"https:\/\/www.oer-landesgeschichte-rlp.de\/index.php\/wp-json\/wp\/v2\/types\/page"}],"author":[{"embeddable":true,"href":"https:\/\/www.oer-landesgeschichte-rlp.de\/index.php\/wp-json\/wp\/v2\/users\/2"}],"replies":[{"embeddable":true,"href":"https:\/\/www.oer-landesgeschichte-rlp.de\/index.php\/wp-json\/wp\/v2\/comments?post=853"}],"version-history":[{"count":32,"href":"https:\/\/www.oer-landesgeschichte-rlp.de\/index.php\/wp-json\/wp\/v2\/pages\/853\/revisions"}],"predecessor-version":[{"id":1963,"href":"https:\/\/www.oer-landesgeschichte-rlp.de\/index.php\/wp-json\/wp\/v2\/pages\/853\/revisions\/1963"}],"wp:attachment":[{"href":"https:\/\/www.oer-landesgeschichte-rlp.de\/index.php\/wp-json\/wp\/v2\/media?parent=853"}],"curies":[{"name":"wp","href":"https:\/\/api.w.org\/{rel}","templated":true}]}}

<h5 class="wp-block-heading has-text-align-center"><strong><strong><strong><strong>„<em>Ob mir geholfen wird, ist eine Frage</em>?“ – „Wiedergutmachung“ für NS-Zwangssterilisierte?</strong> </strong></strong></strong><br><strong>Das Beispiel von Herrn J. aus der (heutigen) Verbandsgemeinde Gerolstein</strong> <strong><strong><strong><strong>(Sekundarstufe I/II)</strong></strong></strong></strong></h5>



<div style="height:20px" aria-hidden="true" class="wp-block-spacer"></div>



<div class="wp-block-columns is-layout-flex wp-container-core-columns-is-layout-28f84493 wp-block-columns-is-layout-flex">
<div class="wp-block-column is-layout-flow wp-block-column-is-layout-flow"></div>



<div class="wp-block-column is-layout-flow wp-block-column-is-layout-flow">
<p class="has-custom-color-2-color has-base-background-color has-text-color has-background has-link-color has-small-font-size wp-elements-4f2d670e6f317abf4e34e9ac44c0a8d6"><strong>Der hier vorgestellte didaktische Impuls wurde von einer Mitarbeiterin am Arbeitsbereich Geschichtsdidaktik der JGU Mainz konzipiert: </strong><br><br>Franziska Kaiser<br></p>



<p></p>



<p></p>
</div>
</div>



<div style="height:20px" aria-hidden="true" class="wp-block-spacer"></div>



<p class="has-base-2-background-color has-background">Der für die Sekundarstufe II konzipierte didaktische Impuls widmet sich jenen Opfern des Nationalsozialismus, die in der NS-Zeit zwangssterilisiert wurden und nach 1945 versuchten, finanzielle &#8222;Wiedergutmachung&#8220; zu erhalten. Die Lernenden werden in das Entschädigungsverfahren eines NS-Verfolgten eingeführt und analysieren anhand von Aktenausschnitten&nbsp;den Verlauf des Verfahrens, die Ablehnungsbegründung und die persönliche Gefühlslage des Betroffenen. Die weiteren Materialien adressieren die&nbsp;Rolle von MedizinerInnen und die Entwicklung der Entschädigungspraxis in der Nachkriegszeit sowie die gesellschaftliche Stigmatisierung der Betroffenen. Ziel ist eine kritische Auseinandersetzung und kreative Aufarbeitung, z.B. durch die Konzeption einer Gedenktafel/eines Gedenkobjektes.</p>



<div style="height:20px" aria-hidden="true" class="wp-block-spacer"></div>



<hr class="wp-block-separator has-text-color has-custom-color-2-color has-alpha-channel-opacity has-custom-color-2-background-color has-background"/>



<div style="height:10px" aria-hidden="true" class="wp-block-spacer"></div>



<div class="wp-block-file has-link-color wp-elements-1024e187d7c053b7c1340f6cbe2f7c07"><a id="wp-block-file--media-cd3219ae-ee39-4554-8a43-95c80c34f9d7" href="https://www.oer-landesgeschichte-rlp.de/wp-content/uploads/2025/05/Didaktischer-Impuls_Thema-Wiedergutmachung_H.pdf"><strong>Didaktischer Impuls im Lehrendenformat</strong></a></div>



<div class="wp-block-file has-link-color wp-elements-0321fb1ebe739ac6bd52beec57e3600d"><a id="wp-block-file--media-6c50a55f-4f1b-4ddc-a09a-5bfa9558288a" href="https://www.oer-landesgeschichte-rlp.de/wp-content/uploads/2025/05/Didaktisches-Konzept-8-2.pdf"><strong>Didaktischer Impuls im Präsentationsformat</strong></a></div>



<div class="wp-block-file has-link-color wp-elements-d11e014ef4466d130376132b978855f6"><a id="wp-block-file--media-ce8db7e9-ce3e-4a87-88d1-c83bd5d955ef" href="https://www.oer-landesgeschichte-rlp.de/wp-content/uploads/2025/05/Reflexionsbogen_Herr-J.pdf"><strong>Ergänzendes Material: Reflexionsbogen</strong></a></div>



<div style="height:11px" aria-hidden="true" class="wp-block-spacer"></div>



<hr class="wp-block-separator has-text-color has-custom-color-2-color has-alpha-channel-opacity has-custom-color-2-background-color has-background"/>



<p>Die Aufgabenstellungen und kontextualisierende Erläuterungen zu den interaktiven Elemente (s.u.) finden sich im Download-Angebot des didaktischen Impulses<br></p>



<div style="height:11px" aria-hidden="true" class="wp-block-spacer"></div>


<div class="h5p-iframe-wrapper"><iframe id="h5p-iframe-6" class="h5p-iframe" data-content-id="6" style="height:1px" src="about:blank" frameBorder="0" scrolling="no" title="Titel"></iframe></div>

<p>„Ob mir geholfen wird, ist eine Frage?“ – „Wiedergutmachung“ für NS-Zwangssterilisierte? Das Beispiel von Herrn J. aus der (heutigen) Verbandsgemeinde Gerolstein (Sekundarstufe I/II) Der hier vorgestellte didaktische Impuls wurde von einer Mitarbeiterin am Arbeitsbereich Geschichtsdidaktik der JGU Mainz konzipiert: Franziska Kaiser Der für die Sekundarstufe II konzipierte didaktische Impuls widmet sich jenen Opfern des Nationalsozialismus, [&hellip;]</p>
